r of 37183 and 8305508?
1957
What is the greatest common divisor of 25002 and 10422?
54
Calculate the highest common factor of 330 and 79279266.
66
Calculate the highest common divisor of 114 and 3151777.
19
What is the highest common divisor of 146346760 and 84?
28
Calculate the highest common divisor of 396 and 176000.
44
What is the highest common divisor of 28 and 286652?
4
What is the highest common divisor of 7823412 and 5136?
1284
Calculate the highest common divisor of 51 and 22511281.
17
Calculate the greatest common divisor of 87104164 and 2548.
196
What is the highest common divisor of 30891 and 14736?
3
Calculate the highest common divisor of 4328 and 49031912.
4328
What is the highest common factor of 374247 and 257514?
501
What is the highest common divisor of 14080 and 474541056?
2816
Calculate the greatest common factor of 1581 and 714561.
51
What is the greatest common divisor of 6405158 and 2108?
1054
What is the highest common factor of 48 and 29838948?
12
What is the greatest common divisor of 210677 and 385396?
461
What is the highest common factor of 12 and 2153644?
4
Calculate the greatest common factor of 486 and 11654.
2
Calculate the greatest common divisor of 289 and 49422485.
17
What is the highest common divisor of 631017 and 27?
27
Calculate the greatest common divisor of 803082 and 2856.
42
Calculate the greatest common factor of 738 and 306606.
6
What is the highest common factor of 24 and 169704372?
12
Calculate the greatest common factor of 109 and 20890613.
109
What is the greatest common divisor of 16605927 and 507?
39
What is the greatest common factor of 1911528 and 903621?
573
Calculate the greatest common divisor of 428922 and 515385.
117
What is the greatest common divisor of 12455785 and 4130?
295
What is the greatest common factor of 4734 and 150857852?
526
What is the highest common factor of 9186 and 218292?
6
Calculate the highest common divisor of 846 and 2514930.
6
Calculate the highest common factor of 39948 and 41880.
12
Calculate the highest common divisor of 3 and 204292401.
3
Calculate the highest common divisor of 4647 and 365847467.
1549
Calculate the greatest common factor of 6727 and 468902.
7
What is the greatest common divisor of 1125992 and 616?
56
Calculate the greatest common factor of 420 and 6472830.
210
What is the greatest common divisor of 97886 and 18224?
34
What is the greatest common divisor of 175 and 117416005?
35
Calculate the highest common divisor of 8639983 and 1177.
11
What is the highest common factor of 638567622 and 5502?
5502
What is the greatest common factor of 132 and 120366996?
12
What is the highest common factor of 4330026 and 3?
3
What is the highest common factor of 6438 and 426822?
174
Calculate the highest common divisor of 1314132 and 5412.
492
Calculate the greatest common divisor of 467153741 and 1732.
433
What is the highest common divisor of 10725835 and 3560?
445
Calculate the greatest common factor of 387 and 254150382.
129
Calculate the greatest common factor of 195 and 13288535.
65
What is the highest common factor of 139783884 and 432?
12
What is the highest common factor of 20765 and 82865?
5
What is the highest common factor of 98566 and 63563474?
5798
What is the greatest common factor of 13038 and 147682?
82
What is the highest common factor of 508 and 20452969?
127
What is the greatest common factor of 3929 and 1391144959?
3929
What is the highest common factor of 1178 and 570019?
19
What is the highest common factor of 7 and 95806333?
7
What is the highest common factor of 337084 and 3260?
652
What is the highest common divisor of 17270 and 29848840?
1570
Calculate the highest common divisor of 416536 and 7016.
8
What is the greatest common divisor of 3738972 and 38?
38
Calculate the highest common divisor of 10768 and 46336.
16
What is the greatest common factor of 312 and 929256?
24
Calculate the highest common divisor of 73136 and 518.
14
Calculate the highest common divisor of 19571930 and 68.
34
What is the greatest common divisor of 33950953 and 61?
61
Calculate the highest common divisor of 27220 and 8076174.
2722
What is the highest common factor of 2201175 and 5175?
225
Calculate the highest common factor of 462 and 997741514.
154
Calculate the highest common divisor of 13203 and 122739.
489
What is the greatest common divisor of 7809108 and 12?
12
What is the highest common factor of 40983457 and 3441?
1147
What is the highest common divisor of 1293 and 160350533?
431
Calculate the greatest common divisor of 103154740 and 9620.
260
What is the highest common divisor of 7869 and 9933?
129
Calculate the highest common factor of 886027 and 8797.
19
What is the greatest common divisor of 264225 and 147225?
975
What is the highest common factor of 2535338 and 962?
26
Calculate the greatest common factor of 304 and 74953708.
76
What is the greatest common factor of 6392070 and 90?
90
Calculate the highest common divisor of 510 and 1216894.
34
Calculate the highest common divisor of 9056 and 9638697.
283
Calculate the greatest common divisor of 4077839 and 611465.
4217
Calculate the highest common divisor of 12 and 3406996.
4
Calculate the greatest common divisor of 395 and 34405132.
79
Calculate the greatest common divisor of 22723635 and 990.
165
What is the greatest common factor of 20 and 23310864?
4
What is the highest common divisor of 5352 and 46210952?
1784
What is the greatest common factor of 20 and 40523830?
10
What is the highest common divisor of 1548 and 70987668?
516
What is the highest common divisor of 494 and 283784?
38
Calculate the highest common divisor of 27 and 484780779.
9
Calculate the greatest common factor of 1083213 and 5160.
129
Calculate the greatest common divisor of 3096 and 20514870.
774
What is the greatest common divisor of 4023 and 3546?
9
What is the highest common factor of 7744457 and 532?
133
Calculate the highest common divisor of 2120 and 5292262.
106
Calculate the highest common factor of 400938853 and 4193.
4193
Calculate the greatest common factor of 28 and 6388354.
14
What is the greatest common factor of 7008060 and 161625?
6465
Calculate the highest common divisor of 3065 and 153590215.
3065
Calculate the greatest common factor of 334 and 93950860.
334
Calculate the highest common factor of 122292 and 1908.
36
What is the highest common factor of 3970809 and 483021?
6273
Calculate the greatest common divisor of 306 and 23076.
18
Calculate the highest common divisor of 2940 and 189084.
84
Calculate the highest common factor of 2457579 and 129.
129
What is the highest common divisor of 18018835 and 3260?
815
What is the highest common divisor of 27142695 and 21141?
2349
What is the greatest common factor of 4776618 and 28?
14
Calculate the greatest common factor of 23136 and 8426324.
964
Calculate the greatest common factor of 525980 and 5355.
595
Calculate the highest common factor of 475 and 1731675.
25
What is the greatest common factor of 3000 and 10793625?
375
Calculate the highest common factor of 5199144 and 6.
6
What is the greatest common factor of 264185 and 1510?
5
What is the highest common factor of 266 and 24652614?
266
What is the greatest common divisor of 84847 and 10304?
161
Calculate the highest common factor of 36 and 50010084.
36
Calculate the highest common divisor of 192 and 3666216.
24
What is the greatest common divisor of 147342647 and 59?
59
Calculate the highest common factor of 16912 and 127596.
28
Calculate the greatest common factor of 1749 and 3196589.
583
Calculate the greatest common divisor of 34165364 and 464.
116
Calculate the greatest common divisor of 20493565 and 5.
5
Calculate the highest common divisor of 289903 and 176457.
131
Calculate the greatest common divisor of 4172 and 614476.
596
Calculate the highest common factor of 1260 and 6564460.
140
What is the greatest common factor of 2821051 and 2061?
229
What is the greatest common divisor of 60 and 128142012?
12
What is the greatest common factor of 523914 and 402?
6
What is the greatest common factor of 12 and 32510787?
3
What is the highest common divisor of 354206502 and 81?
9
What is the highest common divisor of 79277094 and 72?
18
What is the greatest common divisor of 200813915 and 2